ands digit of 53454500?
5
What is the thousands digit of 548793256?
3
What is the ten millions digit of 1707684455?
0
What is the tens digit of 56152988?
8
What is the hundred thousands digit of 347619883?
6
What is the units digit of 3087562591?
1
What is the hundred millions digit of 667346033?
6
What is the millions digit of 1379073985?
9
What is the ten millions digit of 1582825190?
8
What is the units digit of 213400173?
3
What is the ten thousands digit of 13108302?
0
What is the millions digit of 161555640?
1
What is the millions digit of 9267364?
9
What is the hundreds digit of 226618784?
7
What is the units digit of 412350903?
3
What is the thousands digit of 147574954?
4
What is the hundred millions digit of 1047399297?
0
What is the ten thousands digit of 5327430334?
3
What is the hundreds digit of 141643594?
5
What is the hundred thousands digit of 35720257?
7
What is the ten thousands digit of 2467694943?
9
What is the hundred millions digit of 525183459?
5
What is the units digit of 39842952?
2
What is the units digit of 62740636?
6
What is the tens digit of 3941454392?
9
What is the ten thousands digit of 584887669?
8
What is the units digit of 1951273841?
1
What is the ten millions digit of 5332993479?
3
What is the thousands digit of 8175377302?
7
What is the hundreds digit of 13046583?
5
What is the hundred millions digit of 448132409?
4
What is the hundreds digit of 3135705042?
0
What is the millions digit of 81954076?
1
What is the millions digit of 6968576748?
8
What is the ten thousands digit of 6660459054?
5
What is the tens digit of 4135579?
7
What is the ten millions digit of 1130188361?
3
What is the millions digit of 4227785301?
7
What is the thousands digit of 669953906?
3
What is the hundred thousands digit of 1469739261?
7
What is the hundred millions digit of 345709522?
3
What is the millions digit of 1152366298?
2
What is the millions digit of 217621868?
7
What is the ten millions digit of 67402538?
6
What is the units digit of 17101145?
5
What is the hundreds digit of 278460648?
6
What is the thousands digit of 3022043219?
3
What is the hundreds digit of 67987757?
7
What is the thousands digit of 178087603?
7
What is the hundred millions digit of 110555763?
1
What is the hundred thousands digit of 71415102?
4
What is the millions digit of 305892283?
5
What is the millions digit of 163125562?
3
What is the hundred thousands digit of 995317100?
3
What is the millions digit of 9354088?
9
What is the ten thousands digit of 62124192?
2
What is the ten thousands digit of 337176946?
7
What is the hundreds digit of 4322619887?
8
What is the units digit of 395995145?
5
What is the units digit of 558342109?
9
What is the thousands digit of 793683702?
3
What is the hundred millions digit of 1908335550?
9
What is the ten thousands digit of 98258304?
5
What is the hundred thousands digit of 231086168?
0
What is the millions digit of 17057020?
7
What is the ten millions digit of 1762964671?
6
What is the hundred millions digit of 1478260197?
4
What is the millions digit of 2881435152?
1
What is the hundreds digit of 49971059?
0
What is the ten millions digit of 49761740?
4
What is the hundred millions digit of 1252450055?
2
What is the units digit of 4574966718?
8
What is the hundred millions digit of 1034062349?
0
What is the hundred thousands digit of 867097708?
0
What is the millions digit of 928652201?
8
What is the millions digit of 789253431?
9
What is the units digit of 128136383?
3
What is the tens digit of 186964037?
3
What is the thousands digit of 6722728413?
8
What is the ten millions digit of 552402491?
5
What is the tens digit of 101320000?
0
What is the units digit of 1415215275?
5
What is the hundred millions digit of 793157275?
7
What is the units digit of 271389261?
1
What is the hundreds digit of 12675268?
2
What is the ten millions digit of 325017478?
2
What is the hundred thousands digit of 286401069?
4
What is the units digit of 251338170?
0
What is the units digit of 13037287?
7
What is the ten millions digit of 289706912?
8
What is the hundreds digit of 206680389?
3
What is the hundreds digit of 1593967193?
1
What is the units digit of 2773026610?
0
What is the thousands digit of 552298972?
8
What is the ten thousands digit of 1138381104?
8
What is the tens digit of 225058555?
5
What is the thousands digit of 93138595?
8
What is the millions digit of 20273676?
0
What is the tens digit of 1369319975?
7
What is the tens digit of 302199494?
9
What is the ten thousands digit of 75048249?
4
What is the millions digit of 77112929?
7
What is the ten millions digit of 189477741?
8
What is the millions digit of 31386238?
1
What is the tens digit of 4481950842?
4
What is the ten millions digit of 6825976590?
2
What is the billions digit of 1799470108?
1
What is the hundreds digit of 6932994?
9
What is the ten thousands digit of 1211516569?
1
What is the ten thousands digit of 108565411?
6
What is the ten millions digit of 107034147?
0
What is the millions digit of 2040437350?
0
What is the millions digit of 3220290119?
0
What is the hundred millions digit of 3224032897?
2
What is the millions digit of 252347992?
2
What is the hundred millions digit of 452928620?
4
What is the tens digit of 59005806?
0
What is the ten thousands digit of 45784709?
8
What is the tens digit of 5442931714?
1
What is the hundreds digit of 2842526013?
0
What is the hundred millions digit of 1348959517?
3
What is the hundreds digit of 1237627033?
0
What is the ten thousands digit of 113771369?
7
What is the tens digit of 109684954?
5
What is the hundreds digit of 463450978?
9
What is the ten millions digit of 103572504?
0
What is the hundreds digit of 57312761?
7
What is the thousands digit of 406228892?
8
What is the ten thousands digit of 32101217?
0
What is the hundreds digit of 13591915?
9
What is the ten millions digit of 1801905791?
0
What is the hundreds digit of 273045971?
9
What is the ten thousands digit of 123773846?
7
What is the millions digit of 47035717?
7
What is the hundreds digit of 19668122?
1
What is the ten millions digit of 69776478?
6
What is the hundred millions digit of 4921513925?
9
What is the hundred thousands digit of 594386955?
3
What is the millions digit of 2145627193?
5
What is the ten millions digit of 123543762?
2
What is the hundred millions digit of 104825917?
1
What is the millions digit of 1865404512?
5
What is the ten millions digit of 243932617?
4
What is the hundreds digit of 1849577964?
9
What is the millions digit of 698590807?
8
What is the units digit of 302535940?
0
What is the ten thousands digit of 520742786?
4
What is the millions digit of 262990378?
2
What is the hundred millions digit of 3050327164?
0
What is the millions digit of 450244540?
0
What is the ten thousands digit of 126150410?
5
What is the hundreds digit of 62736472?
4
What is the ten thousands digit of 21789350?
8
What is the millions digit of 3128687294?
8
What is the millions digit of 352721201?
2
What is the millions digit of 759343264?
9
What is the ten thousands digit of 860497213?
9
What is the ten thousands digit of 43647617?
4
What is the ten millions digit of 179488392?
7
What is the units digit of 934308628?
8
What is the hundred millions digit of 702544580?
7
What is the hundred millions digit of 3968727767?
9
What is the hundreds digit of 3790496934?
9
What is the ten thousands digit of 10694862?
9
What is the units digit of 596212492?
2
What is the hundreds digit of 5241053633?
6
What is the thousands digit of 57274829?
4
What is the tens digit of 23604410?
1
What is the hundred thousands digit of 91692096?
6
What is the hundred millions digit of 571844325?
5
What is the millions digit of 1018287297?
8
What is the tens digit of 47117653?
5
What is the ten millions digit of 168233837?
6
What is the hundreds digit of 1075808464?
4
What is the ten thousands digit of 49265238?
6
What is the hundred millions digit of 846581953?
8
What is the millions digit of 1665033338?
5
What is the hundreds digit of 92332915?
9
What is the units digit of 41430520?
0
What is the thousands digit of 1837908930?
8
What is the ten millions digit of 23342999?
2
What is the ten thousands digit of 77488771?
8
What is the millions